ts digit of b?
7
Let o = -198 - -339. What is the hundreds digit of o?
1
Let p = 4115 - 2516. What is the hundreds digit of p?
5
Let o be (-6)/3 - ((5 - 2) + -11). Suppose 3*n - 15 = 4*i - 5*i, -3*n + o = 4*i. What is the units digit of n?
6
Suppose 0 = 2*g + 5*h - 264 - 904, -3*g + 1762 = 5*h. What is the hundreds digit of g?
5
Let h(l) = -5*l**3 - 2*l**2 + 2*l + 4. What is the units digit of h(-2)?
2
Let j(p) = -3*p**3 - 4*p**2 - 2*p + 10. What is the hundreds digit of j(-7)?
8
Let u(f) = -f**2 - 14*f + 20. Let h be u(-15). Suppose h*b = 0, -5*s - 5*b + 23 = 3. Suppose -s*m = -m - 72. What is the tens digit of m?
2
Let z(l) = -l**2 - 15*l - 13. Let i be z(-14). Suppose -j + i = -7. Suppose 0 = -0*s - s + j. What is the units digit of s?
8
Suppose 2*y + y - 1619 = -2*z, -4*y + 2152 = z. What is the hundreds digit of y?
5
Let n = -642 - -1121. What is the tens digit of n?
7
Suppose 3*t + 3*n - 7*n = 11861, -3*n = 2*t - 7930. What is the hundreds digit of t?
9
Let h(r) = 0*r + r**2 - 5 + 2*r + 3*r - 1. What is the units digit of h(6)?
0
Suppose -4*r + 4*h - 210 = -5*r, -3*h = 3*r - 603. What is the tens digit of r?
9
Let z = 4986 - 1100. What is the thousands digit of z?
3
Let h(d) = -7*d**3 - 5*d + 8 - 2*d**3 - d**3 - 10*d**2 + 9*d**3. What is the units digit of h(-11)?
4
Suppose y = 5*y - 44. Suppose 0 = -3*w + k + y, -4*k - 10 = 5*w - 0*w. What is the units digit of w?
2
Let t = -115 - -111. What is the hundreds digit of 102/t*-2*(8 - 5)?
1
Suppose 32*v = 56968 + 57688. What is the tens digit of v?
8
Let c(q) = q - 14 + 8 + 4 + 7 + 0*q. Let b be ((-3)/1)/(6/(-8)). What is the units digit of c(b)?
9
Let w = -9 + 31. Suppose 286 = 4*h + w. What is the units digit of (-664)/(-22) - 12/h?
0
Let b = 1476 + -485. What is the tens digit of b?
9
Let i = 103 + 149. What is the hundreds digit of i?
2
Let t = -15 - -11. Let y(f) = 17*f**2 + 21*f + 3. What is the units digit of y(t)?
1
Let b be ((-10)/(-15))/(2/(-201)). Let z = 110 + b. What is the units digit of z?
3
Let m be (-11)/3 + (-3)/(-9)*-1. Let n = 112 + m. What is the tens digit of n?
0
Let c(h) = h**3 + 511*h**2 - 501*h**2 + 5 - 6*h + 22*h. What is the tens digit of c(-7)?
4
Let d(r) = -44*r - 12. Suppose -7*p - 16 = 12. What is the hundreds digit of d(p)?
1
Suppose 4*u - 2*x = -34 + 6, 0 = -3*u - 4*x - 21. Let v = 23 + u. Let p = v + 40. What is the tens digit of p?
5
Suppose -4*v - 5844 = -4*w - 0*w, 0 = 2*w - 5*v - 2937. What is the units digit of w?
6
Let b be 129*(-6)/9*3/(-6). Let f = b - -132. What is the units digit of f?
5
Suppose -2875 = -4*q - o, -5*q + 4821 = 5*o + 1246. Suppose -4*g + q = 5*g. What is the tens digit of g?
8
Suppose 2*f - 4 = 16. Suppose 5*z + 5*t + 5 = 0, 2*z - f = -0*z + t. Suppose -z*l + 38 = -4. What is the units digit of l?
4
Let p = -804 - -1584. What is the tens digit of p?
8
Suppose -17 + 5 = -3*m, -3*m - 252 = 3*b. Let l(a) = -13*a - 12. Let k be l(3). Let t = k - b. What is the units digit of t?
7
Suppose 0*n = -2*n - 2*x + 16, -2*x + 19 = 3*n. Suppose 21 = n*p - 3*a, 0 = 2*a + 5 - 1. Let s(k) = -k**3 + 6*k**2 - 3*k - 7. What is the units digit of s(p)?
3
Let j(l) = -l**3 - 9*l**2 - 11*l + 5. Suppose -3 = p + 6. Let b be j(p). Let c = b + -74. What is the units digit of c?
0
Let y(t) = 6 + 23*t**2 + t**3 - 2*t**3 - 17*t**2 - 2*t. Let k(v) = 2*v - 5. Let u be k(5). What is the tens digit of y(u)?
2
Let r = 74 - -469. What is the hundreds digit of r?
5
Let f = 9 + -17. Let h = f + 16. Let z(d) = 2*d - 11. What is the units digit of z(h)?
5
Let w be (-2)/(-6)*0 - 0. Let q be 43/5 - 2/(-5). Let o = w + q. What is the units digit of o?
9
Suppose -178*a - 6359 = -181*a + 4*x, 4*a = -3*x + 8487. What is the units digit of a?
1
What is the thousands digit of (1 - (-15)/(-13)) + 1209474/377?
3
Suppose 708 = 5*l - 5957. Let b = -948 + l. Suppose -5*t - 2*t = -b. What is the tens digit of t?
5
Let r(q) = -q**3 + 6*q**2 + 9*q - 10. Let w be r(7). Suppose a + 18 = -2*f, w*a = -0*a. Let k = f + 23. What is the tens digit of k?
1
What is the units digit of 15/(-2)*752/(-12)?
0
Let y(b) = -2*b**3 - 3*b**2 - 4*b + 6. Let z be y(4). Let o be z/(-18) - 2/(-3). Let n = o - -4. What is the tens digit of n?
1
Suppose -4*s + 4*f = -9488, 7118 = 3*s - 65*f + 60*f. What is the hundreds digit of s?
3
Let n(v) = 328*v - 349. What is the tens digit of n(11)?
5
Let x = -1666 - -3253. What is the hundreds digit of x?
5
Let a(s) = -2*s**3 - 3*s**2 - s. Let c be a(-1). Suppose 2*q - 36 = -c*q. What is the tens digit of q/(-3)*(-5 + 3)?
1
Let x = -15 + 19. Suppose 11*z = 9*z + x. Suppose z*p + 41 = 3*p. What is the tens digit of p?
4
Suppose -2*l + 122 - 16 = 2*k, -3*l = -2*k - 149. Suppose 3*j = -2*y - y + l, y + 5 = 0. Suppose 0*x - j = -x. What is the tens digit of x?
2
Suppose 2*y = 4*b + 322, -3*b = 5*y - 5*b - 837. What is the units digit of y?
9
Let m(n) = n**3 - 7*n**2 - 7*n - 16. Let w = -6 + 15. What is the tens digit of m(w)?
8
Suppose -5*a + 2*h = -25, -3*a + 6*h - 2*h + 29 = 0. Suppose -a*c - 14*c + 2210 = 0. What is the units digit of c?
0
Let p(c) = c**3 + 4*c**2 + c + 6. Let m be p(-4). Let r = m + 187. What is the tens digit of r?
8
Let g be (-7)/(-126) + (-2339)/(-18). Let j be ((-1)/2)/(2/252). Let a = j + g. What is the units digit of a?
7
Suppose 9 = d + 3*l - 9, 0 = 2*d + 4*l - 26. Suppose 16 = -d*v + 25. What is the units digit of v?
3
Let m be (-69)/(-21) + 6/(-21). Suppose -3*s + m*n + 41 = -202, 0 = -5*s + n + 421. What is the tens digit of s?
8
Suppose 4*a + 58 = 282. Suppose -4*z + 42 = 5*b - 58, -2*z + a = 4*b. What is the tens digit of z?
2
Let w = -215 - -131. What is the units digit of (-4 - -1)/(7/w)?
6
What is the units digit of -2*(-5)/(-20) - (-67)/2?
3
Let v = 73 - -36. Suppose -4*t - 4*c = -139 - v, 293 = 4*t - 5*c. Let j = t + -39. What is the units digit of j?
8
Let q = -50 - -93. Suppose -q = 4*s - 143. What is the tens digit of s?
2
Let c be ((-6)/(-4))/(9/24). Suppose -205 = -f - c*f. Let t = f + -22. What is the tens digit of t?
1
Let c = -20 - -23. Suppose 18 = 4*x + 2*o, c = 4*x - 0*o - 3*o. Suppose -z + x = 2*z, 116 = 2*w + 2*z. What is the tens digit of w?
5
Let d = -41 + 45. Suppose 163 = 3*v + w - 5*w, -142 = -2*v - d*w. What is the units digit of v?
1
What is the tens digit of 98*24/32*48/9?
9
Suppose 9*y + 19 = -26. Let w(f) = 13*f**2 + 9*f - 3. What is the units digit of w(y)?
7
Suppose -4*d + 3*p = 2*p - 4436, 0 = -2*p - 8. What is the hundreds digit of d?
1
Let g = 2 + -8. What is the units digit of (12 + (g - 1))*(1 + 29)?
0
Suppose -278*z + 74865 = -257*z. What is the units digit of z?
5
Let o(w) = -2*w**2 - 8 + 17*w + w**2 - 6. Let b = 1 + 15. What is the units digit of o(b)?
2
Let y(k) = k**2 + 3*k + 594. What is the tens digit of y(0)?
9
Let d be 4*-1 - (-6)/(-3). Let r(n) be the third derivative of -n**4/8 - 7*n**3/6 + 2*n**2. What is the tens digit of r(d)?
1
Let x = -183 + 103. Let w = 158 + x. What is the units digit of w?
8
Let o be (-20)/70 + (-2)/(-7). Let d(y) = y**2 - y + 93. What is the units digit of d(o)?
3
Let x be 4/(-6) - 56/(-21). Suppose x*u - 188 + 4 = 0. Suppose 0 = -2*w + 2*d + u, -2*w - w + 4*d + 134 = 0. What is the tens digit of w?
5
Let f(l) = 23*l + 554. What is the units digit of f(49)?
1
Let q = -18 + 23. Suppose q*y = 6*y - 18. What is the tens digit of 317/9 - y/81?
3
Suppose -k + 3*g + 91 = 0, 0 = -4*k + 13*g - 12*g + 309. Let d = 318 - k. What is the hundreds digit of d?
2
Let a be (-18)/(-5 + 62/12). What is the tens digit of ((-4)/4 - a)/1?
0
Let j = 38 + -35. What is the tens digit of j/9*-2 + (-76)/(-6)?
1
Let y be (-29)/(-3) + 2/6. Suppose -22 = -4*q - b - 2*b, -4*q + y = -3*b. Suppose -5*x + 2*x = -c - 134, 0 = 3*x + q*c - 124. What is the units digit of x?
4
Let h(r) = 2121*r**2 - 27*r + 1. What is the tens digit of h(1)?
9
Let g = -173 - -175. Suppose -3*q + a + a = -722, -g = 2*a. What is the tens digit of q?
4
Suppose -28 = -6*c + 20. Suppose 4*i = 34 + 22. Let p = i - c. What is the units digit of p?
6
Let k(u) = 81*u - 20 + 31 + 26*u - 13*u. What is the tens digit of k(1)?
0
Let z = -16 - 446. Let y = -127 - z. What is the units digit of y?
5
Suppose 0*a - 54 = -3*a. What is the units digit of (950/(-57))/((-4)/a)?
5
Let a(r) = -36*r + 91. What is the thousands digit of a(-46)?
1